culate the highest common divisor of 217 and 248.
31
Calculate the highest common divisor of 3753 and 27.
27
Calculate the highest common divisor of 3720 and 720.
120
What is the greatest common divisor of 1616 and 20?
4
Calculate the greatest common factor of 238 and 14.
14
Calculate the highest common divisor of 2703 and 106.
53
Calculate the greatest common divisor of 295 and 10.
5
Calculate the greatest common divisor of 48 and 72.
24
What is the greatest common factor of 7 and 3759?
7
Calculate the greatest common factor of 1092 and 455.
91
Calculate the greatest common divisor of 670 and 1206.
134
Calculate the highest common factor of 572 and 39.
13
What is the highest common factor of 8 and 424?
8
What is the highest common factor of 27 and 72?
9
Calculate the highest common divisor of 295 and 944.
59
What is the greatest common factor of 989 and 92?
23
What is the greatest common factor of 1330 and 399?
133
What is the highest common divisor of 142 and 26?
2
What is the highest common factor of 28 and 833?
7
Calculate the greatest common divisor of 14 and 10955.
7
What is the highest common divisor of 20 and 85?
5
Calculate the highest common divisor of 6842 and 22.
22
Calculate the greatest common divisor of 12 and 1284.
12
Calculate the highest common divisor of 18120 and 48.
24
What is the highest common factor of 54 and 378?
54
Calculate the greatest common divisor of 475 and 418.
19
What is the greatest common divisor of 67 and 134?
67
What is the greatest common divisor of 8205 and 15?
15
Calculate the highest common factor of 32 and 4592.
16
What is the highest common factor of 22 and 814?
22
Calculate the greatest common factor of 268 and 180.
4
Calculate the greatest common divisor of 241 and 74951.
241
What is the highest common divisor of 6105 and 111?
111
Calculate the highest common divisor of 1358 and 28.
14
What is the highest common factor of 22 and 23463?
11
What is the highest common factor of 2 and 916?
2
Calculate the highest common divisor of 47 and 32.
1
Calculate the highest common factor of 420 and 252.
84
What is the highest common divisor of 2208 and 32?
32
What is the greatest common divisor of 4942 and 7?
7
Calculate the highest common divisor of 1239 and 708.
177
Calculate the highest common factor of 64 and 160.
32
Calculate the highest common divisor of 561 and 341.
11
Calculate the greatest common divisor of 63 and 18.
9
Calculate the highest common factor of 116227 and 71.
71
What is the greatest common factor of 13659 and 174?
87
Calculate the greatest common factor of 42 and 22596.
42
Calculate the greatest common factor of 5313 and 33.
33
What is the greatest common divisor of 1 and 401?
1
What is the highest common divisor of 10975 and 100?
25
Calculate the greatest common divisor of 144 and 180.
36
Calculate the highest common factor of 2915 and 55.
55
What is the highest common divisor of 810 and 120?
30
Calculate the highest common divisor of 25 and 50.
25
What is the highest common divisor of 198 and 54?
18
What is the greatest common factor of 4496 and 16?
16
Calculate the highest common divisor of 5740 and 140.
140
What is the highest common factor of 180 and 15940?
20
Calculate the highest common factor of 50 and 6200.
50
Calculate the greatest common divisor of 14 and 2730.
14
Calculate the highest common divisor of 81 and 3.
3
Calculate the highest common factor of 10 and 90.
10
Calculate the highest common divisor of 96 and 108.
12
Calculate the highest common divisor of 86 and 989.
43
What is the greatest common divisor of 1467 and 72?
9
Calculate the highest common factor of 711 and 79.
79
What is the greatest common factor of 46 and 11017?
23
Calculate the greatest common factor of 16200 and 8.
8
Calculate the greatest common divisor of 162 and 72.
18
Calculate the highest common divisor of 6185 and 5.
5
Calculate the highest common divisor of 345 and 552.
69
What is the greatest common factor of 900 and 160?
20
Calculate the greatest common factor of 368 and 16.
16
Calculate the highest common divisor of 180 and 864.
36
Calculate the greatest common factor of 1739 and 111.
37
Calculate the greatest common factor of 51 and 1292.
17
Calculate the greatest common factor of 3475 and 100.
25
Calculate the greatest common factor of 63 and 2331.
63
What is the greatest common factor of 4 and 1852?
4
What is the greatest common factor of 1864 and 32?
8
Calculate the greatest common factor of 41 and 34973.
41
What is the highest common divisor of 21 and 21?
21
What is the greatest common factor of 41 and 1107?
41
What is the greatest common factor of 1324 and 28?
4
What is the greatest common divisor of 522 and 18?
18
Calculate the greatest common factor of 828 and 644.
92
What is the highest common factor of 61 and 20557?
61
What is the highest common divisor of 11 and 3817?
11
What is the greatest common divisor of 1430 and 650?
130
Calculate the highest common factor of 1261 and 194.
97
What is the highest common divisor of 165 and 220?
55
What is the greatest common factor of 20 and 206?
2
What is the greatest common factor of 2590 and 74?
74
Calculate the greatest common divisor of 117 and 12051.
117
What is the greatest common divisor of 96 and 360?
24
Calculate the highest common divisor of 20 and 4164.
4
What is the highest common divisor of 481 and 74?
37
Calculate the highest common factor of 130 and 230.
10
Calculate the greatest common divisor of 140 and 240.
20
What is the greatest common factor of 1242 and 594?
54
What is the greatest common divisor of 22 and 198?
22
What is the highest common divisor of 20 and 60?
20
Calculate the greatest common factor of 99 and 297.
99
Calculate the highest common divisor of 1702 and 92.
46
Calculate the highest common factor of 14 and 742.
14
What is the highest common divisor of 192 and 6?
6
Calculate the highest common factor of 5346 and 22.
22
What is the greatest common factor of 486 and 1098?
18
What is the highest common divisor of 105 and 770?
35
Calculate the greatest common factor of 48 and 420.
12
Calculate the highest common divisor of 192 and 100.
4
Calculate the highest common divisor of 270 and 570.
30
Calculate the highest common factor of 5 and 2245.
5
Calculate the greatest common factor of 224 and 80.
16
Calculate the highest common divisor of 1887 and 34.
17
What is the highest common factor of 815 and 489?
163
Calculate the highest common factor of 14 and 868.
14
Calculate the highest common divisor of 19 and 779.
19
Calculate the highest common factor of 287 and 41.
41
What is the highest common divisor of 792 and 12?
12
Calculate the greatest common factor of 6 and 4.
2
What is the highest common factor of 12 and 296?
4
What is the greatest common factor of 3648 and 684?
228
Calculate the greatest common divisor of 177 and 6.
3
What is the highest common factor of 672 and 1248?
96
What is the greatest common factor of 984 and 48?
24
Calculate the greatest common divisor of 1570 and 80.
10
Calculate the greatest common divisor of 48 and 56496.
48
What is the highest common divisor of 225 and 375?
75
Calculate the greatest common divisor of 221 and 403.
13
Calculate the greatest common factor of 24 and 150.
6
What is the highest common divisor of 12 and 22188?
12
Calculate the highest common factor of 1212 and 40.
4
What is the greatest common factor of 2496 and 1152?
192
What is the highest common divisor of 2093 and 91?
91
What is the highest common factor of 1411 and 166?
83
Calculate the highest common factor of 22 and 396.
22
Calculate the highest common factor of 148 and 333.
37
What is the greatest common factor of 19 and 34561?
19
Calculate the greatest common divisor of 45 and 16767.
9
Calculate the highest common divisor of 42 and 595.
7
What is the greatest common divisor of 1 and 25?
1
Calculate the greatest common factor of 336 and 408.
24
What is the greatest common divisor of 73 and 18104?
73
Calculate the highest common factor of 360 and 105.
15
What is the highest common divisor of 10 and 20?
10
Calculate the highest common factor of 3 and 483.
3
What is the highest common divisor of 28 and 721?
7
What is the highest common factor of 11 and 34870?
11
Calculate the highest common factor of 2752 and 86.